ase 13) in base 12?
353887
Convert -1011542 (base 7) to base 6.
-2330352
What is b94244 (base 13) in base 2?
10000100110000111110110
Convert -2206512 (base 7) to base 3.
-111210001100
-265753 (base 11) to base 12
-181744
Convert -66ccd (base 14) to base 8.
-747225
Convert 222300a (base 11) to base 4.
32313302031
Convert 130222b (base 12) to base 14.
6d3879
37022 (base 13) to base 5
11213330
What is -313351 (base 8) in base 12?
-50349
What is 8466632 (base 10) in base 7?
131652026
Convert -103000112032 (base 4) to base 5.
-2233412113
What is 119863 (base 10) in base 2?
11101010000110111
What is -27668641 (base 9) in base 11?
-77a8585
What is -3812249 (base 10) in base 4?
-32202232121
1451740 (base 8) to base 12
17bb94
Convert 3642405 (base 7) to base 8.
1612630
-995303 (base 10) to base 9
-1776262
What is 125331 (base 10) in base 9?
210826
-d3ddb1 (base 15) to base 5
-10034230331
What is 339a (base 14) in base 10?
8956
What is 297d63 (base 14) in base 2?
101100000010110100011
104866 (base 11) to base 12
80a73
Convert -8684641 (base 9) to base 10.
-4661749
What is -430062 (base 8) in base 9?
-237644
What is -202220110210 (base 3) in base 9?
-686423
What is -2908914 (base 11) in base 7?
-60351615
What is 23151105 (base 7) in base 10?
2029242
312402452 (base 6) to base 9
11216445
Convert -36030553 (base 7) to base 12.
-1096721
-178078 (base 14) to base 13
-230315
What is 11110011100001101000 (base 2) in base 9?
1780251
Convert -129ab (base 13) to base 2.
-1000011100111001
What is 476219 (base 10) in base 7?
4022252
Convert -37015351 (base 8) to base 5.
-4040231403
What is -12666003 (base 7) in base 13?
-322461
Convert 206166 (base 7) to base 16.
8bb9
167595 (base 10) to base 12
80ba3
11034247 (base 8) to base 14
45b131
What is 7057557 (base 9) in base 16?
395974
Convert -1133132 (base 4) to base 13.
-2a20
What is 1111120000211 (base 3) in base 12?
325b71
What is -101000010101000111 (base 2) in base 12?
-7b71b
Convert 4230042 (base 5) to base 12.
34a73
-228140 (base 11) to base 8
-1303325
What is -10231400210 (base 5) in base 8?
-51170126
What is -110610 (base 11) in base 2?
-101011000100101101
5c260d (base 14) to base 8
14025465
Convert -32842522 (base 9) to base 2.
-111100101100110101110100
Convert -10442110 (base 5) to base 10.
-93405
Convert -2375577 (base 8) to base 5.
-131413312
9a3a4d (base 14) to base 10
5234837
Convert 953890 (base 11) to base 6.
52424444
1232320302 (base 4) to base 15
8e899
What is 1660610 (base 8) in base 3?
220120112120
Convert -10424133 (base 5) to base 14.
-25974
Convert -929007 (base 13) to base 2.
-1101000010100110101011
Convert 68a182 (base 11) to base 16.
10bcfb
132020322220 (base 4) to base 3
112212101220201
-1095495 (base 10) to base 6
-35251423
Convert -103332331 (base 4) to base 9.
-134247
What is -46a80 (base 11) in base 5?
-4132343
What is 1032020212 (base 4) in base 11?
1a94a4
What is 306556 (base 9) in base 15?
38dbc
12870 (base 12) to base 2
110001101010100
What is 3aaa70 (base 12) in base 14?
1b467a
What is -443103 (base 13) in base 6?
-54232003
2102301 (base 4) to base 15
2bb3
What is -5420541 (base 9) in base 12?
-b82331
What is 263764 (base 12) in base 7?
5224630
2156866 (base 10) to base 13
5a696a
526468 (base 9) to base 15
62ba2
-2007 (base 9) to base 11
-1112
Convert 21121110120 (base 3) to base 9.
247416
Convert -110010101111011011 (base 2) to base 14.
-55a55
Convert -9fd45 (base 16) to base 12.
-276a31
What is 112043133 (base 5) in base 13?
147bb0
What is 2046501 (base 9) in base 16?
10b112
Convert -21001503 (base 6) to base 5.
-123410202
Convert 1162 (base 12) to base 13.
b69
100111221102201 (base 3) to base 12
183a891
Convert -33514bb (base 12) to base 4.
-211123022033
Convert 124242413 (base 5) to base 2.
10010110111111110011
Convert -102221012011110 (base 3) to base 8.
-30142073
Convert -145503340 (base 6) to base 9.
-5702356
What is -31113344 (base 5) in base 9?
-426651
Convert -ed7d84 (base 16) to base 5.
-12441023124
-4a291a (base 12) to base 15
-18cb77
Convert -10334211 (base 5) to base 11.
-61626
-6253 (base 9) to base 8
-10750
Convert -333676 (base 14) to base 8.
-6502770
Convert -1538525 (base 10) to base 16.
-1779dd
Convert -1196804 (base 12) to base 7.
-41115433
11011100100001001111 (base 2) to base 5
212400442
What is -8413b (base 15) in base 10?
-418781
-2233054 (base 6) to base 7
-651466
-130321112 (base 4) to base 3
-20000100122
What is -1324513 (base 6) in base 16?
-11f9d
Convert 11220111122012 (base 3) to base 4.
21330233201
-101221021312 (base 4) to base 7
-54212002
What is 12222014 (base 5) in base 13?
41414
Convert 247388 (base 10) to base 3.
110120100112
What is 102032013332 (base 4) in base 3?
22222200001102
66633025 (base 7) to base 16
57d555
2544d (base 14) to base 11
62746
63c1d1 (base 14) to base 12
11694b7
-310013 (base 7) to base 5
-3142312
What is 1585361 (base 9) in base 10?
883117
606445 (base 7) to base 16
192d9
What is 16c384 (base 15) in base 10?
1104424
-3374115 (base 8) to base 5
-213244113
Convert -314535 (base 11) to base 6.
-14444121
Convert 323004313 (base 5) to base 14.
27b43d
What is -3228076 (base 9) in base 10?
-1731444
Convert 320533 (base 8) to base 13.
39829
Convert -13902a5 (base 11) to base 15.
-32232a
105434 (base 9) to base 12
305a1
255aa9 (base 11) to base 6
12351031
What is 12002411 (base 6) in base 11?
235957
-35997 (base 15) to base 10
-170917
Convert -1cfa67 (base 16) to base 3.
-10120111002110
What is 5280465 (base 9) in base 15?
3ace9e
What is -83119 (base 13) in base 6?
-5013114
Convert 11000111000111001101 (base 2) to base 5.
202044230
Convert -428aa1 (base 11) to base 16.
-a758f
What is -102780b (base 12) in base 15?
-400e45
-18cc27 (base 14) to base 9
-1581686
Convert 188a7 (base 12) to base 8.
105777
What is -4550580 (base 9) in base 5?
-1112014131
-1121012112 (base 4) to base 10
-364950
-3c4dd (base 14) to base 4
-210122203
-103320021 (base 4) to base 13
-2b09b
What is -143661 (base 8) in base 2?
-1100011110110001
Convert 1b0e2 (base 15) to base 14.
240b0
What is ef94f4 (base 16) in base 13?
3339895
Convert 31404 (base 11) to base 13.
17a88
Convert 531235 (base 6) to base 4.
22201013
404152 (base 11) to base 12
273ba2
What is -1310623 (base 7) in base 2?
-101001101100011110
What is 200230303 (base 4) in base 16?
20b33
What is -11222022002220 (base 3) in base 2?
-1010000101010111101000
Convert 110100100100000000111 (base 2) to base 16.
1a4807
540938 (base 11) to base 3
1121221111011
123456132 (base 7) to base 4
131323210311
-110223231332 (base 4) to base 5
-2342000300
11440222 (base 5) to base 9
175232
1370040 (base 12) to base 11
22093a4
Convert 294918 (base 10) to base 11.
191638
What is -223784a (base 13) in base 2?
-101000000011001001111000
What is -10b4d (base 15) in base 4?
-30332311
Convert -38755 (base 13) to base 14.
-2a132
Convert 1432415 (base 8) to base 13.
113211
What is 13006714 (base 8) in base 12?
b72950
-a2c148 (base 16) to base 7
-156443056
What is -41312232 (base 6) in base 5?
-301112143
1100010010001100011 (base 2) to base 15
7e406
Convert 330444311 (base 5) to base 13.
3aa228
-11100110000010001101 (base 2) to base 10
-942221
-1233321220 (base 4) to base 13
-130813
-322ab7 (base 13) to base 6
-41122055
What is 1c82aa (base 16) in base 15?
26d93d
Convert -116a42d (base 14) to base 12.
-2956435
-d2a60 (base 16) to base 13
-242956
Convert bab15 (base 15) to base 4.
2100303200
Convert -1011011110101001111111 (base 2) to base 13.
-814882
Convert -56e9b (base 15) to base 7.
-2231423
Convert -111010111001011 (base 2) to base 15.
-8e05
What is -120406 (base 7) in base 10?
-21811
What is -7380650 (base 9) in base 11?
-225897a
Convert 23201432 (base 5) to base 15.
42197
Convert cc1abe (base 15) to base 4.
211012131230
What is 12151083 (base 10) in base 15?
11004c3
What is 447de (base 16) in base 3?
112020211110
14433232 (base 5) to base 2
100101111100110010
Convert 31a01ba (base 12) to base 16.
8fa71e
Convert -100125544 (base 6) to base 10.
-1691272
What is -16300 (base 12) in base 6?
-402000
335204332 (base 6) to base 9
12470622
What is 302300431 (base 5) in base 3?
2021121101201
-471ccd (base 15) to base 2
-1100111101100111111111
-2039335 (base 10) to base 8
-7617047
What is -62138 (base 10) in base 4?
-33022322
Con